hen ((-37)/p)/((-3)/12) is divided by l?
11
Let b(r) = -2*r + 2. Let g be b(4). Let k(t) = -t - 2. What is the remainder when 7 is divided by k(g)?
3
Suppose -6*z + z = -2*j - 118, -j + 3*z - 61 = 0. Let p = -35 - j. What is the remainder when 27 is divided by p?
13
What is the remainder when 46 is divided by (-3 + 16)*1 - 1?
10
Let x(l) = 4*l**3 - l**2 + l. Let u be x(1). Suppose u*k - 17 = 3*t, 3*k + 1 = 4*k - 4*t. What is the remainder when k is divided by 4?
1
Suppose -11 - 199 = -5*c. What is the remainder when 82 is divided by c?
40
Let p = 112 - 77. Suppose -8 + p = 3*c. Calculate the remainder when 33 is divided by c.
6
Let c = -2 - -5. Suppose c*h - 4*z - 27 = 0, -3*h + 25 = 5*z - 29. What is the remainder when 37 is divided by h?
11
What is the remainder when (1 - -2) + (4 - -42) is divided by 17?
15
Let j(x) be the third derivative of -x**6/120 - 7*x**5/60 - x**4/12 - x**3/3 - x**2. Calculate the remainder when 34 is divided by j(-7).
10
Calculate the remainder when (-45)/30 + 29/2 is divided by 3.
1
Let n = -31 - -8. Let f = 35 + n. Calculate the remainder when 33 is divided by f.
9
Let d(h) = -h**2 - h. Let z(g) = 5*g**2 + 4*g + 1. Let l(w) = 4*d(w) + z(w). What is the remainder when 8 is divided by l(-2)?
3
Let h = 12 + -5. Let a(i) = -i**3 - 6*i**2 - 2*i. What is the remainder when a(-6) is divided by h?
5
Suppose 1 = -3*r - 8, 4*q - r = 539. Suppose 2*s + 11 - 32 = m, 4*m + q = -2*s. Let c = m - -74. Calculate the remainder when c is divided by 15.
13
Let q = -11 + 15. Suppose 20 + 18 = 2*z - q*a, -a - 76 = -4*z. What is the remainder when 55 is divided by z?
17
Let k be 2*((-76)/(-8) - 3). Let v = 1 + k. Suppose 0 = 3*a + 2*g - 24, 0*a + 32 = 4*a - 3*g. Calculate the remainder when v is divided by a.
6
Let q = 1 - -9. Suppose 20 = 4*v - 0*w - w, -4*w = -16. What is the remainder when q is divided by v?
4
Let z = -15 - -30. What is the remainder when (-5 + 2)/(-3) - -27 is divided by z?
13
Suppose -4*g + 0*g + 64 = 0. Suppose 349 = 4*c - 3*s, -3*c - 2*s = s - 288. Suppose -3*r = -c + g. What is the remainder when 73 is divided by r?
23
Let r = 20 + -11. Suppose r = 4*w - 3. Suppose -3*c = -8*c + 5. Calculate the remainder when w is divided by c.
0
Suppose 5*c + 3*j - 23 = 25, -2*j = 8. Let b(m) = -1 + 1 - 4*m + 2 + 3 - m**2. What is the remainder when c is divided by b(-4)?
2
Suppose -5*a = -g + 22, 4*g + a = 4*a + 122. What is the remainder when 92 is divided by g?
28
Let t = 54 + -4. Let a = 76 - 45. Suppose -t = -3*v + a. What is the remainder when v is divided by 14?
13
Let y(w) = 57*w**3 - w**2 + w - 1. Suppose -5*b + 15 = 135. Let r = -5 - b. What is the remainder when y(1) is divided by r?
18
Let s be 0/(-1)*(-1)/(-2). Let a(d) = d**3 - d + 11. Suppose y - 2 = -g, -g + 5*y = -3*g - 2. What is the remainder when a(s) is divided by g?
3
Let l be 1/3*18/(-3). Let n be -3 - (-14 + l) - 3. Suppose n = -o + 27. What is the remainder when 33 is divided by o?
16
Suppose x + 2*p = 37, 0 = -4*x - 3*p + 29 + 104. Calculate the remainder when 90 is divided by x.
28
What is the remainder when (-18)/54*(-367 - -1) is divided by 14?
10
Let c(h) = -h**2 - 2*h + 3. Let s(p) = -p. Let u(m) = c(m) - 5*s(m). Let y be u(4). Let i(b) = -14*b. What is the remainder when i(y) is divided by 8?
6
Let u(v) = -v**3 - 17*v**2 + 16*v - 35. What is the remainder when 5 is divided by u(-18)?
0
Let o(n) = n - 1. Let x be o(0). Let c = x + -1. What is the remainder when 9 is divided by c/4*0 - -5?
4
Let l be 27/(1 + 1/2). Suppose 30 + l = 2*w. Calculate the remainder when w is divided by (-195)/(-21) - 2/7.
6
Suppose 2*u = 5*l + 145, 6*l - 2*l + 260 = 4*u. What is the remainder when u is divided by 21?
18
Let f be 1/((-3)/(-18)*2). Let v = f - 0. Suppose 2*z + 3 = 13. What is the remainder when z is divided by v?
2
Let a = 18 - 5. Calculate the remainder when 24 is divided by a.
11
Let w = 14 - -20. Calculate the remainder when 134 is divided by w.
32
Let v be 15/6 - (-2)/(-4). Suppose v*x = 4*x - 12. Calculate the remainder when 14 is divided by ((-5)/3)/((-2)/x).
4
Let j(l) = 0*l**2 + 3 - 3*l + 2*l**2 + 6*l**2 - 6*l**2. What is the remainder when 13 is divided by j(2)?
3
Let j = 114 - 69. Let m be j/(-6)*-2 + 1. Let o = -5 + m. What is the remainder when 20 is divided by o?
9
Let l(r) = -17*r + 11. Let i be l(-9). Suppose 0 = -3*t + i - 29. Suppose 3*d - 2*d + t = u, 4*u + 4*d = 180. What is the remainder when u is divided by 12?
9
Suppose -7 = 4*t + 1. Let s(x) = -7*x - 3. What is the remainder when s(t) is divided by 6?
5
Suppose 3*i - 7*i + 16 = 0. Suppose 5*q - 27 = m + 4, i*m + 4*q = -52. Let b = -9 - m. Calculate the remainder when 12 is divided by b.
5
Suppose -u = 4*u - 80. What is the remainder when -1 - (-3 + -44 + 1) is divided by u?
13
Suppose c - 3*c = 0. Suppose c = 2*z + 8 - 76. Calculate the remainder when z is divided by (-3 - -2*1)*-12.
10
Suppose -4*c - 3*r + 39 = 0, -37 + 7 = -3*c - 3*r. Calculate the remainder when 41 is divided by c.
5
Suppose -5*y - 3*a + 22 = -0*a, -5*a + 26 = 3*y. Calculate the remainder when 11 is divided by y.
1
Let k = 27 - -23. What is the remainder when k is divided by 18?
14
Suppose -3*f + 3*m - 2 = -53, -5*f - 4*m = -67. What is the remainder when 44 is divided by f?
14
Let g be 174/9 + 5/(-15). Suppose -23*t + 12 = -g*t. Calculate the remainder when 14 is divided by t.
2
Suppose -3*u - f = 3*f - 36, -52 = -5*u - 4*f. Let a = u - 3. Suppose -z = a*j - 55, -4*j + 9 + 35 = -4*z. Calculate the remainder when 32 is divided by j.
10
Suppose 12*g + 2*g = 938. What is the remainder when g is divided by 23?
21
Let o = 29 - 25. Calculate the remainder when 9 is divided by o.
1
Let m(o) = -o**2 - 11*o - 3. What is the remainder when 12 is divided by m(-10)?
5
Let w(a) = -a**3 + 21*a**2 - 20*a + 11. What is the remainder when 26 is divided by w(20)?
4
Suppose -11 = -4*p - 35. What is the remainder when 29 is divided by (-38)/(-4) + p/4?
5
Let q(r) = -r**2 - 11*r - 15. Calculate the remainder when 58 is divided by q(-6).
13
Suppose -5*f = -4*s + 16, -2*s - 2*s = f - 16. Suppose 0*b - 2*b + 28 = f. What is the remainder when (-20)/35*b/(-4) is divided by 2?
0
Let b(w) = 3*w - 2. Let i be b(2). Let z = i + -1. Suppose 42 = 5*m - z. Calculate the remainder when m is divided by 4.
1
Suppose 5*x = 5*n, 2*x - 5*n = 5*x - 16. Let b be ((-2)/4)/((-2)/32). Let p = b - 5. Calculate the remainder when p is divided by x.
1
Let u be 3/(-6)*(-1 - -1). Suppose 0 + 4 = 4*n. Calculate the remainder when u - (-3)/6*2 is divided by n.
0
Let h(v) = 2*v**2 + v - 1. Suppose 5*l - 2*d - 13 = 0, -4*l = -0*l + d. Suppose 2*c - l = 13. Calculate the remainder when h(3) is divided by c.
6
Let r = 193 + -179. What is the remainder when r is divided by 11?
3
Suppose 0 = -0*t - 5*t + 215. Calculate the remainder when 0 + t + (-2)/(-2) is divided by 15/((-6)/(-24)*4).
14
Let b(q) = -q + 10. Let m = -9 + -4. Let u = -4 - -12. Calculate the remainder when b(m) is divided by u.
7
Suppose 2*z = -2*g - 18, -z - 3 = 2*z - 3*g. Let d = z - -7. What is the remainder when 2 is divided by d?
0
Suppose 0 = -0*c - c + 2, 2*c = -5*l + 29. Let h(o) = o + 5. Let m be h(-5). What is the remainder when l is divided by (m + (-2 - -1))*-3?
2
Let z = 8 - 17. Let n = 24 + z. Calculate the remainder when 43 is divided by n.
13
Let h = 4 + 0. Suppose i + t - 7 = -h*i, -i - 5*t - 13 = 0. Suppose -5*n - y + 50 = i, 4*y = -8. What is the remainder when n is divided by 4?
2
Let o = 8 + 2. Let x = -46 + 74. What is the remainder when x is divided by o?
8
Suppose 12 = 4*y - 2*y. Suppose 3*n = y*n - 21. Calculate the remainder when 26 is divided by n.
5
Suppose 0 = -3*q - q - 4*i + 148, 3*q - 107 = -i. Calculate the remainder when q is divided by 10.
5
Calculate the remainder when 5 is divided by 6/(5 - 3) - -1.
1
What is the remainder when 6/(-18) + 248/6 is divided by 21?
20
Suppose 5*p - 4*c + 80 = 0, 3*p - 3*c - 4 + 52 = 0. Calculate the remainder when 34 is divided by 9/(-4)*p/3.
10
Suppose 5*h - m - 138 = 0, -3*h + 2*m + 96 = -3*m. Calculate the remainder when h is divided by 10.
7
Let l = -109 - -135. What is the remainder when 121 is divided by l?
17
Let k = 4 - 7. Let o = 8 + k. Suppose 0 = -o*m + 11 + 4. What is the remainder when m is divided by 2?
1
Let s(z) 